{"id":3361,"date":"2021-06-15T08:43:05","date_gmt":"2021-06-15T06:43:05","guid":{"rendered":"https:\/\/cala-murada.villas\/?page_id=3361"},"modified":"2025-12-22T16:34:32","modified_gmt":"2025-12-22T15:34:32","slug":"precios","status":"publish","type":"page","link":"https:\/\/cala-murada.villas\/es\/precios\/","title":{"rendered":"Precios"},"content":{"rendered":"<h2>Precios<\/h2>\n<p>Los precios son por d\u00eda y villa. Hora de entrada a partir de las 16,00 h. Hora de salida antes de las 10,00 h.<br \/>\nSi hubiera posibilidad se permitir\u00eda la entrada y la salida fuera del horario establecido. Para reservar la villa ser\u00e1 necesario efectuar una transferencia del 20% del importe total del alquiler a la cuenta indicada. Una vez confirmada la transferencia el resto del importe del alquiler deber\u00e1 ser ingresado dos semanas antes de su llegada.<br \/>\nLos precios incluyen el 10% de IVA.<br \/>\nEs obligatorio reservar un m\u00ednimo de 7 d\u00edas.<\/p>\n<p><a href=\"https:\/\/cala-murada.villas\/wp-content\/uploads\/AGB.pdf\" target=\"_blank\" rel=\"noopener\">Los T\u00e9rminos y Condiciones Generales del contrato se aplicaran seg\u00fan ley.<\/a><\/p>\n\n\n<p><strong>Casa de vacaciones Carolina<\/strong><\/p>\n<table>\n<tbody>\n<tr>\n<th>Precios 2026<\/th>\n<th>Precio por d\u00eda<br \/>\n4 Personas<\/th>\n<th>Precio por d\u00eda<br \/>\n6 Personas<\/th>\n<\/tr>\n<tr>\n<td><strong>Temporada alta<\/strong> (22.06. al 03.09.23)<\/td>\n<td>308,00 \u20ac<\/td>\n<td>462,00 \u20ac<\/td>\n<\/tr>\n<tr>\n<td><strong>Temporada media<\/strong> (24.03.al 21.06; 04.09. al 05.11.; 21.12. al 07.01.24)<\/td>\n<td>264,00 \u20ac<\/td>\n<td>396,00 \u20ac<\/td>\n<\/tr>\n<tr>\n<td><strong>Temporada baja<\/strong> (09.01. al 23.03.; 06.11. al 20.12.)<\/td>\n<td>220,00 \u20ac<\/td>\n<td>330,00 \u20ac<\/td>\n<\/tr>\n<\/tbody>\n<\/table>\n<hr \/>\n\n<p><strong>Mobiliario incluido en los precios<\/strong><\/p>\n<ul>\n<li>Cuna y Trona (para ni\u00f1os hasta 2 a\u00f1os)<\/li>\n<li>Ropa de la cama y toallas (ba\u00f1o y piscina) cambio despu\u00e9s de 7 d\u00edas para aquellas estancias superiores<\/li>\n<li>Internet (WiFi)<\/li>\n<\/ul>\n<p><strong>Servicios incluidos en el alojamiento<\/strong><\/p>\n<ul>\n<li>Servicio de Conserjer\u00eda: Entre otros, se gestionan reservas de restaurantes, coches de alquiler, taxis, vuelos, transporte de equipaje, entradas para eventos culturales, Aqualand, as\u00ed como cualquier otra necesidad que el cliente pueda tener (servicio an\u00e1logo a la recepci\u00f3n de un hotel).<\/li>\n<li>Cambio de ropa de cama y\/o toallas m\u00e1s frecuente\u00a0y servicio de limpieza semanal o diario o con otra periodicidad, seg\u00fan petici\u00f3n expresa del cliente (periodicidad distinta a semanal se tarifica adicionalmente).<\/li>\n<\/ul>\n<p>Nuestro servicio de conserjer\u00eda est\u00e1 disponible todos los d\u00edas y su coste est\u00e1 incluido en los precios (no se incluyen los costes de los servicios que se contraten con terceros). Para ello se contactar\u00e1 con las siguientes personas<\/p>\n<p>Marc Valbona +34 616 166 907<\/p>\n<p>Tere Mateo +34 686 168 692<\/p>\n<p><strong>A pagar directamente en Cala Murada<\/strong><\/p>\n<ul>\n<li>Fianza en efectivo 1000\u20ac directamente a nuestro servicio de conserjer\u00eda a la entrega de llaves<\/li>\n<li>Ecotasa (16 +) 2,20\u20ac por persona y d\u00eda<\/li>\n<li>Electricidad (1)<\/li>\n<\/ul>\n<p>________________________________________________________________________________<\/p>\n<p>(1) Incluido en la instancia 10 kWh al dia, lo de mas se paga con 0,40\u20ac kWh<\/p>\n<p>Costes adicionales dependen del consumo y se pagan directamente al servicio de conserjer\u00eda.<\/p>\n\n<p><a class=\"btn btn-primary\" href=\"https:\/\/cala-murada.villas\/es\/reserva-ocupacion\/\" target=\"_blank\" rel=\"noopener\">reserva ahora<\/a><\/p>\n","protected":false},"excerpt":{"rendered":"<p>Precios Los precios son por d\u00eda y villa. Hora de entrada a partir de las 16,00 h. Hora de salida antes de las 10,00 h. Si hubiera posibilidad se permitir\u00eda la entrada y la salida fuera del horario establecido. Para reservar la villa ser\u00e1 necesario efectuar una transferencia del 20% [&hellip;]<\/p>\n","protected":false},"author":7,"featured_media":0,"parent":0,"menu_order":0,"comment_status":"closed","ping_status":"closed","template":"","meta":{"footnotes":""},"acf":[],"yoast_head":"<!-- This site is optimized with the Yoast SEO plugin v20.9 - https:\/\/yoast.com\/wordpress\/plugins\/seo\/ -->\n<title>Precios - cala-murada<\/title>\n<meta name=\"description\" content=\"Ferienh\u00e4user\" \/>\n<meta name=\"robots\" content=\"index, follow, max-snippet:-1, max-image-preview:large, max-video-preview:-1\" \/>\n<link rel=\"canonical\" href=\"https:\/\/cala-murada.villas\/es\/precios\/\" \/>\n<meta property=\"og:locale\" content=\"es_ES\" \/>\n<meta property=\"og:type\" content=\"article\" \/>\n<meta property=\"og:title\" content=\"Precios - cala-murada\" \/>\n<meta property=\"og:description\" content=\"Ferienh\u00e4user\" \/>\n<meta property=\"og:url\" content=\"https:\/\/cala-murada.villas\/es\/precios\/\" \/>\n<meta property=\"og:site_name\" content=\"cala-murada\" \/>\n<meta property=\"article:modified_time\" content=\"2025-12-22T15:34:32+00:00\" \/>\n<meta name=\"twitter:card\" content=\"summary_large_image\" \/>\n<meta name=\"twitter:label1\" content=\"Tiempo de lectura\" \/>\n\t<meta name=\"twitter:data1\" content=\"2 minutos\" \/>\n<script type=\"application\/ld+json\" class=\"yoast-schema-graph\">{\"@context\":\"https:\/\/schema.org\",\"@graph\":[{\"@type\":\"WebPage\",\"@id\":\"https:\/\/cala-murada.villas\/es\/precios\/\",\"url\":\"https:\/\/cala-murada.villas\/es\/precios\/\",\"name\":\"Precios - cala-murada\",\"isPartOf\":{\"@id\":\"https:\/\/cala-murada.villas\/es\/#website\"},\"datePublished\":\"2021-06-15T06:43:05+00:00\",\"dateModified\":\"2025-12-22T15:34:32+00:00\",\"description\":\"Ferienh\u00e4user\",\"breadcrumb\":{\"@id\":\"https:\/\/cala-murada.villas\/es\/precios\/#breadcrumb\"},\"inLanguage\":\"es\",\"potentialAction\":[{\"@type\":\"ReadAction\",\"target\":[\"https:\/\/cala-murada.villas\/es\/precios\/\"]}]},{\"@type\":\"BreadcrumbList\",\"@id\":\"https:\/\/cala-murada.villas\/es\/precios\/#breadcrumb\",\"itemListElement\":[{\"@type\":\"ListItem\",\"position\":1,\"name\":\"Startseite\",\"item\":\"https:\/\/cala-murada.villas\/es\/\"},{\"@type\":\"ListItem\",\"position\":2,\"name\":\"Precios\"}]},{\"@type\":\"WebSite\",\"@id\":\"https:\/\/cala-murada.villas\/es\/#website\",\"url\":\"https:\/\/cala-murada.villas\/es\/\",\"name\":\"cala-murada\",\"description\":\"Legen\u2026 wait for it\u2026 Dary!\",\"publisher\":{\"@id\":\"https:\/\/cala-murada.villas\/es\/#organization\"},\"potentialAction\":[{\"@type\":\"SearchAction\",\"target\":{\"@type\":\"EntryPoint\",\"urlTemplate\":\"https:\/\/cala-murada.villas\/es\/?s={search_term_string}\"},\"query-input\":\"required name=search_term_string\"}],\"inLanguage\":\"es\"},{\"@type\":\"Organization\",\"@id\":\"https:\/\/cala-murada.villas\/es\/#organization\",\"name\":\"Cala-Murada Ferienh\u00e4user\",\"url\":\"https:\/\/cala-murada.villas\/es\/\",\"logo\":{\"@type\":\"ImageObject\",\"inLanguage\":\"es\",\"@id\":\"https:\/\/cala-murada.villas\/es\/#\/schema\/logo\/image\/\",\"url\":\"https:\/\/cala-murada.villas\/wp-content\/uploads\/VCM_Wortmarke.svg\",\"contentUrl\":\"https:\/\/cala-murada.villas\/wp-content\/uploads\/VCM_Wortmarke.svg\",\"width\":1,\"height\":1,\"caption\":\"Cala-Murada Ferienh\u00e4user\"},\"image\":{\"@id\":\"https:\/\/cala-murada.villas\/es\/#\/schema\/logo\/image\/\"}}]}<\/script>\n<!-- \/ Yoast SEO plugin. -->","yoast_head_json":{"title":"Precios - cala-murada","description":"Ferienh\u00e4user","robots":{"index":"index","follow":"follow","max-snippet":"max-snippet:-1","max-image-preview":"max-image-preview:large","max-video-preview":"max-video-preview:-1"},"canonical":"https:\/\/cala-murada.villas\/es\/precios\/","og_locale":"es_ES","og_type":"article","og_title":"Precios - cala-murada","og_description":"Ferienh\u00e4user","og_url":"https:\/\/cala-murada.villas\/es\/precios\/","og_site_name":"cala-murada","article_modified_time":"2025-12-22T15:34:32+00:00","twitter_card":"summary_large_image","twitter_misc":{"Tiempo de lectura":"2 minutos"},"schema":{"@context":"https:\/\/schema.org","@graph":[{"@type":"WebPage","@id":"https:\/\/cala-murada.villas\/es\/precios\/","url":"https:\/\/cala-murada.villas\/es\/precios\/","name":"Precios - cala-murada","isPartOf":{"@id":"https:\/\/cala-murada.villas\/es\/#website"},"datePublished":"2021-06-15T06:43:05+00:00","dateModified":"2025-12-22T15:34:32+00:00","description":"Ferienh\u00e4user","breadcrumb":{"@id":"https:\/\/cala-murada.villas\/es\/precios\/#breadcrumb"},"inLanguage":"es","potentialAction":[{"@type":"ReadAction","target":["https:\/\/cala-murada.villas\/es\/precios\/"]}]},{"@type":"BreadcrumbList","@id":"https:\/\/cala-murada.villas\/es\/precios\/#breadcrumb","itemListElement":[{"@type":"ListItem","position":1,"name":"Startseite","item":"https:\/\/cala-murada.villas\/es\/"},{"@type":"ListItem","position":2,"name":"Precios"}]},{"@type":"WebSite","@id":"https:\/\/cala-murada.villas\/es\/#website","url":"https:\/\/cala-murada.villas\/es\/","name":"cala-murada","description":"Legen\u2026 wait for it\u2026 Dary!","publisher":{"@id":"https:\/\/cala-murada.villas\/es\/#organization"},"potentialAction":[{"@type":"SearchAction","target":{"@type":"EntryPoint","urlTemplate":"https:\/\/cala-murada.villas\/es\/?s={search_term_string}"},"query-input":"required name=search_term_string"}],"inLanguage":"es"},{"@type":"Organization","@id":"https:\/\/cala-murada.villas\/es\/#organization","name":"Cala-Murada Ferienh\u00e4user","url":"https:\/\/cala-murada.villas\/es\/","logo":{"@type":"ImageObject","inLanguage":"es","@id":"https:\/\/cala-murada.villas\/es\/#\/schema\/logo\/image\/","url":"https:\/\/cala-murada.villas\/wp-content\/uploads\/VCM_Wortmarke.svg","contentUrl":"https:\/\/cala-murada.villas\/wp-content\/uploads\/VCM_Wortmarke.svg","width":1,"height":1,"caption":"Cala-Murada Ferienh\u00e4user"},"image":{"@id":"https:\/\/cala-murada.villas\/es\/#\/schema\/logo\/image\/"}}]}},"_links":{"self":[{"href":"https:\/\/cala-murada.villas\/es\/wp-json\/wp\/v2\/pages\/3361"}],"collection":[{"href":"https:\/\/cala-murada.villas\/es\/wp-json\/wp\/v2\/pages"}],"about":[{"href":"https:\/\/cala-murada.villas\/es\/wp-json\/wp\/v2\/types\/page"}],"author":[{"embeddable":true,"href":"https:\/\/cala-murada.villas\/es\/wp-json\/wp\/v2\/users\/7"}],"replies":[{"embeddable":true,"href":"https:\/\/cala-murada.villas\/es\/wp-json\/wp\/v2\/comments?post=3361"}],"version-history":[{"count":40,"href":"https:\/\/cala-murada.villas\/es\/wp-json\/wp\/v2\/pages\/3361\/revisions"}],"predecessor-version":[{"id":3912,"href":"https:\/\/cala-murada.villas\/es\/wp-json\/wp\/v2\/pages\/3361\/revisions\/3912"}],"wp:attachment":[{"href":"https:\/\/cala-murada.villas\/es\/wp-json\/wp\/v2\/media?parent=3361"}],"curies":[{"name":"wp","href":"https:\/\/api.w.org\/{rel}","templated":true}]}}

<h2>Precios</h2>
<p>Los precios son por día y villa. Hora de entrada a partir de las 16,00 h. Hora de salida antes de las 10,00 h.<br />
Si hubiera posibilidad se permitiría la entrada y la salida fuera del horario establecido. Para reservar la villa será necesario efectuar una transferencia del 20% del importe total del alquiler a la cuenta indicada. Una vez confirmada la transferencia el resto del importe del alquiler deberá ser ingresado dos semanas antes de su llegada.<br />
Los precios incluyen el 10% de IVA.<br />
Es obligatorio reservar un mínimo de 7 días.</p>
<p><a href="https://cala-murada.villas/wp-content/uploads/AGB.pdf" target="_blank" rel="noopener">Los Términos y Condiciones Generales del contrato se aplicaran según ley.</a></p>


<p><strong>Casa de vacaciones Carolina</strong></p>
<table>
<tbody>
<tr>
<th>Precios 2026</th>
<th>Precio por día<br />
4 Personas</th>
<th>Precio por día<br />
6 Personas</th>
</tr>
<tr>
<td><strong>Temporada alta</strong> (22.06. al 03.09.23)</td>
<td>308,00 €</td>
<td>462,00 €</td>
</tr>
<tr>
<td><strong>Temporada media</strong> (24.03.al 21.06; 04.09. al 05.11.; 21.12. al 07.01.24)</td>
<td>264,00 €</td>
<td>396,00 €</td>
</tr>
<tr>
<td><strong>Temporada baja</strong> (09.01. al 23.03.; 06.11. al 20.12.)</td>
<td>220,00 €</td>
<td>330,00 €</td>
</tr>
</tbody>
</table>
<hr />

<p><strong>Mobiliario incluido en los precios</strong></p>
<ul>
<li>Cuna y Trona (para niños hasta 2 años)</li>
<li>Ropa de la cama y toallas (baño y piscina) cambio después de 7 días para aquellas estancias superiores</li>
<li>Internet (WiFi)</li>
</ul>
<p><strong>Servicios incluidos en el alojamiento</strong></p>
<ul>
<li>Servicio de Conserjería: Entre otros, se gestionan reservas de restaurantes, coches de alquiler, taxis, vuelos, transporte de equipaje, entradas para eventos culturales, Aqualand, así como cualquier otra necesidad que el cliente pueda tener (servicio análogo a la recepción de un hotel).</li>
<li>Cambio de ropa de cama y/o toallas más frecuente y servicio de limpieza semanal o diario o con otra periodicidad, según petición expresa del cliente (periodicidad distinta a semanal se tarifica adicionalmente).</li>
</ul>
<p>Nuestro servicio de conserjería está disponible todos los días y su coste está incluido en los precios (no se incluyen los costes de los servicios que se contraten con terceros). Para ello se contactará con las siguientes personas</p>
<p>Marc Valbona +34 616 166 907</p>
<p>Tere Mateo +34 686 168 692</p>
<p><strong>A pagar directamente en Cala Murada</strong></p>
<ul>
<li>Fianza en efectivo 1000€ directamente a nuestro servicio de conserjería a la entrega de llaves</li>
<li>Ecotasa (16 +) 2,20€ por persona y día</li>
<li>Electricidad (1)</li>
</ul>
<p>________________________________________________________________________________</p>
<p>(1) Incluido en la instancia 10 kWh al dia, lo de mas se paga con 0,40€ kWh</p>
<p>Costes adicionales dependen del consumo y se pagan directamente al servicio de conserjería.</p>

<p><a class="btn btn-primary" href="https://cala-murada.villas/es/reserva-ocupacion/" target="_blank" rel="noopener">reserva ahora</a></p>

<p>Precios Los precios son por día y villa. Hora de entrada a partir de las 16,00 h. Hora de salida antes de las 10,00 h. Si hubiera posibilidad se permitiría la entrada y la salida fuera del horario establecido. Para reservar la villa será necesario efectuar una transferencia del 20% [&hellip;]</p>

<!-- This site is optimized with the Yoast SEO plugin v20.9 - https://yoast.com/wordpress/plugins/seo/ -->
<title>Precios - cala-murada</title>
<meta name="description" content="Ferienhäuser" />
<meta name="robots" content="index, follow, max-snippet:-1, max-image-preview:large, max-video-preview:-1" />
<link rel="canonical" href="https://cala-murada.villas/es/precios/" />
<meta property="og:locale" content="es_ES" />
<meta property="og:type" content="article" />
<meta property="og:title" content="Precios - cala-murada" />
<meta property="og:description" content="Ferienhäuser" />
<meta property="og:url" content="https://cala-murada.villas/es/precios/" />
<meta property="og:site_name" content="cala-murada" />
<meta property="article:modified_time" content="2025-12-22T15:34:32+00:00" />
<meta name="twitter:card" content="summary_large_image" />
<meta name="twitter:label1" content="Tiempo de lectura" />
	<meta name="twitter:data1" content="2 minutos" />
<script type="application/ld+json" class="yoast-schema-graph">{"@context":"https://schema.org","@graph":[{"@type":"WebPage","@id":"https://cala-murada.villas/es/precios/","url":"https://cala-murada.villas/es/precios/","name":"Precios - cala-murada","isPartOf":{"@id":"https://cala-murada.villas/es/#website"},"datePublished":"2021-06-15T06:43:05+00:00","dateModified":"2025-12-22T15:34:32+00:00","description":"Ferienhäuser","breadcrumb":{"@id":"https://cala-murada.villas/es/precios/#breadcrumb"},"inLanguage":"es","potentialAction":[{"@type":"ReadAction","target":["https://cala-murada.villas/es/precios/"]}]},{"@type":"BreadcrumbList","@id":"https://cala-murada.villas/es/precios/#breadcrumb","itemListElement":[{"@type":"ListItem","position":1,"name":"Startseite","item":"https://cala-murada.villas/es/"},{"@type":"ListItem","position":2,"name":"Precios"}]},{"@type":"WebSite","@id":"https://cala-murada.villas/es/#website","url":"https://cala-murada.villas/es/","name":"cala-murada","description":"Legen… wait for it… Dary!","publisher":{"@id":"https://cala-murada.villas/es/#organization"},"potentialAction":[{"@type":"SearchAction","target":{"@type":"EntryPoint","urlTemplate":"https://cala-murada.villas/es/?s={search_term_string}"},"query-input":"required name=search_term_string"}],"inLanguage":"es"},{"@type":"Organization","@id":"https://cala-murada.villas/es/#organization","name":"Cala-Murada Ferienhäuser","url":"https://cala-murada.villas/es/","logo":{"@type":"ImageObject","inLanguage":"es","@id":"https://cala-murada.villas/es/#/schema/logo/image/","url":"https://cala-murada.villas/wp-content/uploads/VCM_Wortmarke.svg","contentUrl":"https://cala-murada.villas/wp-content/uploads/VCM_Wortmarke.svg","width":1,"height":1,"caption":"Cala-Murada Ferienhäuser"},"image":{"@id":"https://cala-murada.villas/es/#/schema/logo/image/"}}]}</script>
<!-- / Yoast SEO plugin. -->

Ferienhäuser

Cala-Murada Ferienhäuser
